ite number?
False
Is 14678912149 a prime number?
False
Is 10310880959 prime?
True
Is 29275700747 composite?
True
Is 70112963 a composite number?
True
Is 2007093259 prime?
True
Is 3056917685 prime?
False
Is 9014427449 composite?
True
Is 32980339039 composite?
False
Is 17209691591 a composite number?
True
Is 357893411 a composite number?
False
Is 1421608703 composite?
True
Is 9834355087 composite?
False
Is 14718733853 composite?
False
Is 393875609 a prime number?
False
Is 20618532989 composite?
False
Is 2731951559 prime?
True
Is 4575491237 a prime number?
True
Is 4302177349 a composite number?
True
Is 4143817 a prime number?
False
Is 2224060231 composite?
False
Is 13299476539 a prime number?
True
Is 2141164691 a composite number?
True
Is 20890488007 a prime number?
True
Is 1608194183 prime?
True
Is 193938773 a composite number?
True
Is 1497663626 a composite number?
True
Is 11141818553 prime?
True
Is 331699967 composite?
True
Is 5658005689 a prime number?
False
Is 19743286709 a composite number?
False
Is 238819003 prime?
True
Is 6429387253 composite?
False
Is 692744777 prime?
True
Is 209852467 prime?
False
Is 8676900737 a composite number?
False
Is 789508517 prime?
False
Is 22337556811 composite?
False
Is 2574674567 a prime number?
True
Is 2702721841 prime?
True
Is 6263427461 prime?
True
Is 21300163873 prime?
False
Is 786632659 a prime number?
True
Is 2511125117 composite?
False
Is 1838188921 a prime number?
True
Is 34373714693 a prime number?
True
Is 404110367 a prime number?
True
Is 11472328013 composite?
True
Is 11225833321 composite?
True
Is 6515647927 prime?
True
Is 1888203613 a composite number?
False
Is 110745364229 a composite number?
False
Is 13635447403 composite?
False
Is 19874682761 composite?
False
Is 64977022967 composite?
False
Is 11813950427 composite?
False
Is 20042497343 a composite number?
True
Is 39049370587 a composite number?
False
Is 5851658629 prime?
True
Is 10949709179 prime?
True
Is 54858169441 a composite number?
True
Is 786150403 a composite number?
True
Is 437293597 a prime number?
False
Is 47508849863 prime?
True
Is 508065247 a composite number?
True
Is 31127244371 a prime number?
False
Is 331490267 prime?
False
Is 20345478029 composite?
False
Is 5360600831 a prime number?
False
Is 50882500793 a prime number?
True
Is 134416056295 composite?
True
Is 16219322519 prime?
False
Is 43163601353 a composite number?
False
Is 323173951 composite?
False
Is 1506873241 composite?
False
Is 9375941299 prime?
False
Is 189774856051 composite?
True
Is 457338173 a prime number?
True
Is 710133337 prime?
False
Is 10455796919 prime?
False
Is 1876019749 a composite number?
True
Is 276081677 prime?
False
Is 35754097987 a composite number?
False
Is 5774995141 a composite number?
False
Is 797388971 prime?
True
Is 611912513 a prime number?
True
Is 99490619 a composite number?
True
Is 4703576767 a composite number?
True
Is 35017397557 composite?
True
Is 3544813631 a composite number?
False
Is 6049093763 composite?
True
Is 9913728581 composite?
True
Is 12028687795 prime?
False
Is 1855231351 composite?
False
Is 8458881467 a composite number?
False
Is 3083305373 composite?
True
Is 19491387493 composite?
False
Is 558443983 a prime number?
True
Is 78456587 prime?
False
Is 482733371 composite?
True
Is 66542250101 a composite number?
False
Is 76593925931 prime?
True
Is 131466479 prime?
True
Is 3498848291 composite?
False
Is 114514231919 composite?
False
Is 7968327271 composite?
True
Is 10391249369 prime?
True
Is 64081792223 a prime number?
False
Is 232624169 a prime number?
True
Is 317961127 a prime number?
False
Is 691125241 a composite number?
True
Is 1171358641 a prime number?
True
Is 7598579059 a composite number?
False
Is 13674495013 a composite number?
True
Is 572293973 a composite number?
False
Is 188470074707 prime?
True
Is 53954707307 a prime number?
False
Is 1475821043 a composite number?
False
Is 912342751 a composite number?
True
Is 24606140053 a prime number?
False
Is 9872470181 composite?
True
Is 188007271 a composite number?
True
Is 4187549543 a prime number?
True
Is 5506879759 a composite number?
False
Is 2396301007 prime?
True
Is 8825942803 a prime number?
True
Is 6144004691 a prime number?
False
Is 102122771711 prime?
True
Is 5303667893 a composite number?
False
Is 10226143397 a composite number?
False
Is 1305441401 composite?
True
Is 13197719629 a prime number?
False
Is 1264478317 composite?
False
Is 51877018511 a prime number?
False
Is 104539561673 a composite number?
True
Is 171522271 a prime number?
True
Is 115757210759 a prime number?
False
Is 6369996643 a composite number?
False
Is 9178560283 a composite number?
True
Is 5180133719 composite?
False
Is 5465217287 a composite number?
False
Is 183258177 prime?
False
Is 3936039077 prime?
False
Is 962959451 prime?
True
Is 14424974131 a composite number?
False
Is 108766941847 prime?
True
Is 7941293249 composite?
True
Is 1726800043 prime?
False
Is 507795187 composite?
True
Is 1900281541 prime?
False
Is 22657617569 a prime number?
True
Is 93233267143 composite?
False
Is 72157963 composite?
True
Is 402425743 prime?
False
Is 71775174827 prime?
True
Is 101844468937 a composite number?
False
Is 14931903817 composite?
True
Is 140845328519 prime?
False
Is 166281917 a prime number?
True
Is 604557851 prime?
False
Is 2715634013 prime?
False
Is 232334570711 a prime number?
True
Is 4057941919 composite?
False
Is 1249301387 a prime number?
False
Is 1128235729 composite?
True
Is 68556298 composite?
True
Is 38293002589 prime?
True
Is 6894218387 a prime number?
False
Is 210954047 a prime number?
False
Is 450287009 composite?
True
Is 14808083779 composite?
False
Is 968722871 prime?
True
Is 15938331151 a composite number?
True
Is 7392738757 composite?
True
Is 862045319 a composite number?
False
Is 870327169 a composite number?
False
Is 3561766697 a composite number?
False
Is 3479054122 prime?
False
Is 50611289 prime?
True
Is 805322341 a composite number?
False
Is 479982381 composite?
True
Is 2781750401 composite?
False
Is 809881477 a composite number?
False
Is 6665818787 a prime number?
False
Is 8375474519 a composite number?
True
Is 2062310491 prime?
True
Is 29150625073 prime?
True
Is 617303363 a composite number?
False
Is 759545041 a prime number?
True
Is 540255437 prime?
False
Is 787090043 a composite number?
True
Is 3524671631 a composite number?
True
Is 58769207 a prime number?
False
Is 67300311689 a prime number?
False
Is 19681429 prime?
True
Is 31815473797 a prime number?
True
Is 1793452903 composite?
True
Is 4269011393 composite?
True
Is 961263631 prime?
True
Is 3041112743 a prime number?
True
Is 51293134 a prime number?
False
Is 1385130269 a prime number?
True
Is 143978407957 a prime number?
True
Is 1248900823 prime?
True
Is 28046211274 a composite number?
True
Is 92444157698 a composite number?
True
Is 1006281299 composite?
True
Is 7744041311 a composite number?
True
Is 12639000281 composite?
True
Is 362183513 a composite number?
False
Is 29395452101 a prime number?
False
Is 899308769 a composite number?
True
Is 7999323613 a composite number?
True
Is 137323829 composite?
False
Is 1196193727 a composite number?
True
Is 3162419731 prime?
True
Is 14439639883 a composite number?
False
Is 106467686503 a prime number?
True
Is 698056967 a prime number?
False
Is 1627384207 composite?
False
Is 112567789207 a prime number?
False
Is 601004041 prime?
False
Is 33963511045 prime?
False
Is 19571817689 composite?
False
Is 11853720997 composite?
False
Is 193331969 composite?
True
Is 124236652207 composite?
False
Is 61129493 a prime number?
True
Is 4251771107 a prime number?
False
Is 34922580439 a prime number?
False
Is 1789798247 prime?
False
Is 21167531653 composite?
True
Is 3122633137 composite?
True
Is 159766001 composite?
True
Is 1978979749 a composite number?
True
Is 1455455621 a composite number?
False
Is 15206305667 a prime number?
False
Is 15045792023 prime?
True
Is 4727872043 prime?
True
Is 11319574543 composite?
False
Is 11226899837 composite?
False
Is 82851829549 a composite number?
True
Is 3247417697 a prime number?
True
Is 9776479877 composite?
False
Is 918808381 prime?
True
Is 194966941 prime?
False
Is 742024219 prime?
False
Is 14055740263 composite?
True
Is 1380367447 a composite number?
F